10*n + 6. Give x(10).
6
Let o(j) = -9*j - 121. Determine o(-15).
14
Let f(t) = -t**3 + 10*t**2 - 7*t + 13. Calculate f(9).
31
Let b(n) = -n**2 + 3*n + 7. Determine b(5).
-3
Let y(o) = -o**2 + 4*o. What is y(5)?
-5
Let t(l) = l**2 + 12*l + 15. Determine t(-10).
-5
Let p(k) = 2*k**3 + k + 2. Calculate p(-1).
-1
Let p(r) = r**3 + 13*r**2 + 16*r + 15. Determine p(-12).
-33
Let x(k) = 2*k**3 + 13*k**2 + 15*k + 13. Determine x(-5).
13
Let s(n) = n**3 + 12*n**2 - 2*n - 35. Determine s(-12).
-11
Let y(z) = 2*z + 4. Give y(-6).
-8
Let j(t) = 4*t**2 + 3*t - 18. Calculate j(-5).
67
Let c(i) = -i**3 + 3*i**2 - i - 1. Determine c(2).
1
Let t(m) = -35*m + 1. Calculate t(1).
-34
Let f(q) = -q**3 - 2*q**2 - 2*q - 2. Determine f(-2).
2
Let o(l) = -l**2 + 22. Determine o(-6).
-14
Let o(z) = 3*z - 32. Calculate o(-2).
-38
Let a(t) = 3*t - 98. Give a(24).
-26
Let j(t) = -2*t**2 + 4*t - 1. Determine j(3).
-7
Let l(g) = g**3 - 29*g**2 + 29*g - 29. Give l(28).
-1
Let j(g) = g - 4. Determine j(2).
-2
Let g(n) = -n**3 - 9*n**2 - 8*n - 1. Calculate g(-8).
-1
Let a(u) = 3*u - 1. Give a(-4).
-13
Let g(p) = -3*p + 93. Determine g(25).
18
Let f(p) = -p**3 - 8*p**2 - 9*p + 12. Give f(-7).
26
Let k(r) = -72*r - 298. What is k(-4)?
-10
Let r(o) = -3*o**3 + 3*o**2 - 2*o + 2. What is r(2)?
-14
Let k(u) = u**2 - 25*u - 3. What is k(21)?
-87
Let d(j) = -59*j**2 - j. Calculate d(1).
-60
Let w(i) = -i**2 - 18*i - 32. Calculate w(-16).
0
Let t(v) = -v**3 + v**2. What is t(0)?
0
Let k(i) = -i**3 + 8*i**2 - 58*i + 353. Calculate k(7).
-4
Let j(r) = r**2 - 12*r - 85. What is j(17)?
0
Let l(d) = d**3 + 13*d**2 + 16*d - 7. Determine l(-12).
-55
Let a(s) = -s**3 - 10*s**2 + 26*s - 1. Give a(-12).
-25
Let q(n) = -n**3 - 5*n**2 + n + 1. What is q(-5)?
-4
Let s(a) = 7*a**2 + 46*a + 40. Calculate s(-5).
-15
Let l(y) = 17*y - 16. Determine l(5).
69
Let q(m) = 4*m**2 - 43*m - 17. Determine q(11).
-6
Let b(j) = -j**2 + 15*j + 19. Give b(16).
3
Let m(v) = 11*v - 33. Calculate m(7).
44
Let m(t) = 25*t - 2. Determine m(-2).
-52
Let g(z) = 5*z - 4. Calculate g(8).
36
Let w(c) = -3*c**2 + c - 24. What is w(5)?
-94
Let j(z) = z**2 - 8*z - 31. Give j(13).
34
Let n(g) = -3*g + 9. Determine n(6).
-9
Let z(f) = -f**3 - 3*f**2 + 11*f + 1. Determine z(-5).
-4
Let j(i) = -i**3 + 24*i**2 + 55*i - 72. Give j(26).
6
Let x(o) = o**3 - 13*o**2 - 16*o + 29. Give x(14).
1
Let c(k) = -2*k**2 - 18*k - 12. What is c(-9)?
-12
Let n(l) = -2*l + 37. Determine n(16).
5
Let a(v) = -v**2 + 14*v - 10. What is a(10)?
30
Let z(f) = -5*f - 11. Give z(-3).
4
Let f(k) = 9*k - 160. Give f(17).
-7
Let q(g) = g**3 + 4*g**2 + 4*g + 2. Calculate q(-1).
1
Let r(k) = 5*k**3 + 2*k**2 + 2*k - 2. Calculate r(2).
50
Let j(d) = -d**3 - 51*d**2 - 51*d - 59. What is j(-50)?
-9
Let z(o) = o**3 - 19*o**2 + 12*o + 23. Calculate z(18).
-85
Let s(v) = -9*v - 55. What is s(-6)?
-1
Let o(u) = -u**3 + 14*u**2 - 25*u - 84. What is o(11)?
4
Let y(s) = -23*s - 14. Determine y(-3).
55
Let c(m) = m**2 + 16*m + 28. Calculate c(-14).
0
Let t(z) = -z**2 - 8*z - 1. What is t(-8)?
-1
Let w(t) = 8*t + 9. Calculate w(5).
49
Let x(r) = -2*r**2 - 4*r - 2. Calculate x(-2).
-2
Let j(x) = x**2 - 26*x + 17. Determine j(10).
-143
Let m(l) = 7*l + 58. Give m(-7).
9
Let f(l) = -l**3 - 9*l**2 + 38*l + 14. Determine f(-12).
-10
Let k(v) = 7*v - 3. Determine k(-3).
-24
Let l(t) = t - 14. What is l(11)?
-3
Let r(c) = -c**2 - 5*c - 8. What is r(-3)?
-2
Let t(s) = 6*s**3 - 2*s**2 + 2*s. Give t(1).
6
Let v(r) = -r**3 - 13*r**2 - 39*r + 12. Calculate v(-7).
-9
Let v(x) = 2*x**3 - 7*x**2 - 2*x + 7. What is v(3)?
-8
Let z(k) = -k**2 - 11*k - 5. What is z(0)?
-5
Let f(t) = 2*t**3 + 2*t**2 - 5*t - 2. Calculate f(2).
12
Let w(d) = d**2 - 9*d + 3. Give w(9).
3
Let c(p) = p**2 + 27*p. Calculate c(-25).
-50
Let v(g) = g**3 - 4*g**2 - 36*g + 8. Determine v(9).
89
Let u(q) = -q - 2. What is u(-11)?
9
Let d(g) = g + 2. Determine d(5).
7
Let h(y) = -3*y - 1. Determine h(6).
-19
Let r(k) = k**3 + 7*k**2 - 4*k - 6. Give r(-8).
-38
Let x(y) = 33*y - 878. Give x(27).
13
Let d(c) = -2*c**3 - c**2 - 3*c + 2. Give d(2).
-24
Let d(a) = -a**2 - 6*a - 24. Calculate d(0).
-24
Let o(p) = -7*p**2 + 62*p + 9. Determine o(9).
0
Let y(d) = -d + 3. What is y(15)?
-12
Let a(l) = -7*l - 1. Calculate a(-5).
34
Let i(m) = -m**3 + 9*m**2 + 2*m + 15. Determine i(8).
95
Let a(j) = -5*j + 15. What is a(4)?
-5
Let p(j) = -j**3 - 6*j**2 + j - 6. What is p(-5)?
-36
Let z(d) = 3*d + 13. Give z(-18).
-41
Let n(u) = 25*u - 4. Calculate n(2).
46
Let p(j) = -21*j + 345. Determine p(17).
-12
Let i(v) = v**2 - 2*v. Determine i(-4).
24
Let z(u) = 2*u**2 + 56*u + 379. What is z(-16)?
-5
Let n(z) = -z**3 - 7*z**2 + 1. Determine n(-7).
1
Let u(k) = 3*k**3 + 6*k**2 - 8*k - 6. Calculate u(-3).
-9
Let z(g) = -g**3 + 10*g**2 + 10*g + 21. Give z(11).
10
Let d(j) = 5*j - 3. Determine d(5).
22
Let k(b) = b**3 - 4*b**2 - 14*b. Calculate k(7).
49
Let d(y) = -8*y + 67. Give d(9).
-5
Let m(x) = x**3 + 9*x**2 - 9*x - 2. Calculate m(-10).
-12
Let s(o) = o**3 + 9*o**2 + 4*o - 38. What is s(-8)?
-6
Let d(k) = -9*k. What is d(-1)?
9
Let t(g) = -3*g. Determine t(2).
-6
Let b(l) = -l**3 - 3*l**2 - 2*l. Determine b(0).
0
Let d(m) = -m**2 - 8*m - 19. What is d(5)?
-84
Let f(c) = -c**3 - 21*c**2 + 22*c - 41. Determine f(-22).
-41
Let s(g) = -19*g + 12. Determine s(2).
-26
Let g(a) = -a**3 - 8*a**2 + 6*a - 21. Calculate g(-9).
6
Let y(f) = -6*f - 66. Give y(-10).
-6
Let j(w) = -93*w + 1022. Give j(11).
-1
Let q(b) = 6*b - 15. What is q(2)?
-3
Let t(y) = 6*y + 36. Give t(-11).
-30
Let u(c) = c**2 - 2*c - 10. Calculate u(0).
-10
Let d(q) = -10*q**2 + q - 2. Determine d(1).
-11
Let b(r) = -6*r - 66. Give b(-14).
18
Let z(k) = 25*k - 175. Give z(7).
0
Let x(y) = y**2 + 3*y - 5. Calculate x(2).
5
Let v(y) = 5*y - 180. Determine v(37).
5
Let g(t) = -t**2 + 44*t + 195. Determine g(-4).
3
Let l(h) = -h**3 + 24*h**2 - 23*h + 16. What is l(23)?
16
Let f(w) = -w**3 + 13*w**2 - 12. Give f(13).
-12
Let g(l) = l - 18. Determine g(11).
-7
Let y(b) = -57*b - 394. What is y(-7)?
5
Let l(t) = 4*t**2 - 19*t + 9. Determine l(4).
-3
Let h(w) = 13*w - 40. What is h(5)?
25
Let b(r) = r**3 + 6*r**2 + 5*r + 19. Determine b(-6).
-11
Let x(m) = -m**2 + 10*m + 19. Determine x(10).
19
Let o(z) = z**3 - z**2 + 3. Calculate o(0).
3
Let a(w) = w**3 + 6*w**2 + 6*w - 3. Give a(-5).
-8
Let y(w) = w**3 + 8*w**2 + w + 11. Calculate y(-8).
3
Let l(v) = -v**2 - 19*v + 16. Give l(-15).
76
Let d(l) = -l + 5. Determine d(4).
1
Let s(b) = b**3 - 2*b**2 + 2*b + 1. What is s(2)?
5
Let k(g) = -g**2 - 9*g - 8. What is k(-10)?
-18
Let s(d) = -3*d - 57. Determine s(-24).
15
Let j(r) = 2*r**3 - r - 1. Give j(2).
13
Let d(c) = -5*c - 14. Determine d(-7).
21
Let r(k) = k**3 + 9*k**2 - 2*k - 20. Calculate r(-9).
-2
Let c(h) = -h**2 + 15*h + 33. Calculate c(10).
83
Let t(u) = -u**3 - 6*u**2 + 2*u. Determine t(-6).
-12
Let v(w) = 19*w - 5. Determine v(3).
52
Let t(n) = -n + 24. What is t(14)?
10
Let b(a) = -a**2 - 3*a + 1. Calculate b(5).
-39
Let r(a) = -a**3 - 8*a**2 - 10*a + 1. Give r(-7).
22
Let k(t) = -2*t - 50. Determine k(15).
-80
Let r(n) = n**3 - 25*n**2 - 24*n - 49. Determine r(26).
3
Let a(t) = -t**2 + 8*t + 9. Calculate a(8).
9
Let k(q) = 3*q**3 + 4*q**2. What is k(-2)?
-8
Let x(w) = 14*w + 3. Determine x(2).
31
Let d(i) = -4*i**2 + 25*i + 12. What is d(6)?
18
Let n(f) = -f**3 - 4*f**2 - 3*f + 1. What is n(-4)?
13
Let b(x) = 7*x - 57. Give b(28).
139
Let y(a) = a + 4. What is y(8)?
12
Let o(m) = -2*m + 14. What is o(5)?
4
Let k(h) = 2*h**2 + 30*h - 127. Give k(-19).
25
Let w(i) = i**3 + 9*i**2 + 8*i - 9. Give w(-8).
-9
Let y(n) = -2*n**3 - 6*n**2 - 3*n - 14. Determine y(-3).
-5
Let q(f) = -12*f**3 - f**2 + f + 1. Give q(1).
-11
Let n(d) = -2*d**2 + 20*d - 17. Determine n(7).
25
Let v(y) = -y**3 + 10*y**2 + 41*y + 28. What is v(13)?
54
Let h(u) = 2*u + 15. Determine h(-8).
-1
Let j(v) = -v**2 - 4*v + 1. Calculate j(-5).
-4
Let y(s) = -s**3 - 55*s**2 - 3*s - 161. What is y(-55)?
4
Let w(o) = o**2 + 9*o - 1. What is w(-3)?
-19
Let b(a) = a**3 - 6*a**2 - 7*a - 8. What is b(7)?
-8
Let l(i) = -i**2 + 8*i. Determine l(9).
-9
Let w(q) = -2*q**2 - 6*q - 3. Determine w(-7).
-59
Let a(y) = -3*y + 28. Give a(3).
19
Let q(c) = 3*c - 4. Determine q(5).
11
Let s(z) = z**2 - 11*z + 11. Give s(7).
-17
Let 